, what is -10369 + -3?
-10370
In base 10, what is -384424 - 5?
-384429
In base 12, what is -2 - 35926?
-35928
In base 13, what is -3 - -2974?
2971
In base 10, what is 2 + 835748?
835750
In base 3, what is 1001 + 202102?
210110
In base 15, what is 674a + 1?
674b
In base 16, what is da359 - 2?
da357
In base 4, what is 113223130 - -2?
113223132
In base 2, what is 100101011000110 + -10100111?
100101000011111
In base 12, what is -1b8418 - 2?
-1b841a
In base 15, what is -61b5 - -3?
-61b2
In base 9, what is -4065 + -47?
-4123
In base 3, what is 1020 + 221001000?
221002020
In base 9, what is -1 - -68387?
68386
In base 16, what is 9d + -3e1?
-344
In base 4, what is 1 - -110320130?
110320131
In base 5, what is 3 + 4304230?
4304233
In base 16, what is 2960 - 1f?
2941
In base 6, what is -1012 + 1135?
123
In base 6, what is -2025 + -31302?
-33331
In base 15, what is -124 + 156?
32
In base 9, what is -20 + 54180?
54160
In base 11, what is -375363 + 3?
-375360
In base 8, what is -120151 - -13?
-120136
In base 6, what is -100 + 1423254?
1423154
In base 3, what is 10 + 10001201211?
10001201221
In base 3, what is -2 + -1000220112?
-1000220121
In base 11, what is -43 + -262?
-2a5
In base 7, what is 10 + 421154?
421164
In base 6, what is 34 + 550325?
550403
In base 15, what is -15 - 6c17?
-6c2c
In base 12, what is 177 - 124?
53
In base 8, what is 3553366 + -5?
3553361
In base 7, what is 2 - 16112?
-16110
In base 9, what is 44 + 10448?
10503
In base 10, what is 10611 + -12?
10599
In base 9, what is -723 - -4?
-718
In base 2, what is -101000 - -1001101000?
1001000000
In base 9, what is 54 + 2430?
2484
In base 15, what is -2b7 + 23b?
-7b
In base 11, what is 50a1 + -14?
5088
In base 5, what is -412 + -40341?
-41303
In base 15, what is b57e4 - -3?
b57e7
In base 13, what is 73 - -7ab?
851
In base 10, what is 893 - -79?
972
In base 4, what is -1230 + 10013330?
10012100
In base 2, what is -1010100100101000 - -100?
-1010100100100100
In base 7, what is 1435 - 44?
1361
In base 8, what is 5750 + 62?
6032
In base 6, what is -2102013 - -15?
-2101554
In base 7, what is 5 - 312411?
-312403
In base 7, what is -325 + 14056?
13431
In base 6, what is -545 - -443?
-102
In base 8, what is 43656 + -22?
43634
In base 2, what is -1001000011 - -11110101?
-101001110
In base 10, what is -61 - -294?
233
In base 4, what is 23002110 + -11?
23002033
In base 16, what is -2a5b1 + 5?
-2a5ac
In base 4, what is 132233 - -12?
132311
In base 5, what is -243 - 140?
-433
In base 15, what is -10568 + 0?
-10568
In base 5, what is -21 - -1024131?
1024110
In base 12, what is 1493 + -5?
148a
In base 2, what is 110110011111 + -1011010011?
101011001100
In base 14, what is d23 + -1a?
d07
In base 7, what is -3 + -54525?
-54531
In base 16, what is -2 - -34d?
34b
In base 13, what is -3 + 8944?
8941
In base 2, what is -11100001 + -110100001?
-1010000010
In base 11, what is 3 - -4151?
4154
In base 3, what is 121011101 + 10?
121011111
In base 15, what is -9 + -c06c?
-c076
In base 6, what is 1 + -40554?
-40553
In base 15, what is 25 - 203?
-1cd
In base 14, what is 102b8 + 3?
102bb
In base 14, what is 7 - a394?
-a38b
In base 2, what is -10011100 - -101101011?
11001111
In base 14, what is -338 - -3?
-335
In base 7, what is -121142 + 161?
-120651
In base 15, what is 1 + -3771?
-3770
In base 7, what is -405 + 24640?
24232
In base 9, what is 1 - -150503?
150504
In base 9, what is 57 + -87230?
-87162
In base 10, what is -223609 + -2?
-223611
In base 4, what is -1 + -2022300?
-2022301
In base 4, what is -1 - 2123310?
-2123311
In base 13, what is 0 + 15c9b?
15c9b
In base 3, what is 2 + 102101101202?
102101101211
In base 9, what is 227787 - -4?
227802
In base 8, what is 6530 + -2?
6526
In base 7, what is -13 - 12463?
-12506
In base 16, what is -2 - 44df4?
-44df6
In base 9, what is 20450 + 7?
20457
In base 5, what is 3 + -21212223?
-21212220
In base 16, what is 910e - 1b?
90f3
In base 8, what is 5412101 + 0?
5412101
In base 5, what is -30020 - -2?
-30013
In base 15, what is -60b2 + -164?
-6226
In base 14, what is -1a + -137b?
-1397
In base 5, what is -3041114 + 12?
-3041102
In base 2, what is 10 - 100011000101100000?
-100011000101011110
In base 2, what is -11001011010010 + 1100100?
-11001001101110
In base 13, what is -144 + -2776?
-28ba
In base 11, what is -684 + 21?
-663
In base 13, what is -29 + 38b0?
3884
In base 4, what is 210303 - -100?
211003
In base 8, what is 5 + 57742?
57747
In base 9, what is -1055676 + -2?
-1055678
In base 4, what is 111100 + 11?
111111
In base 11, what is 9062 + 7?
9069
In base 13, what is -20b - -89?
-152
In base 14, what is 11a67 - -14?
11a7b
In base 10, what is -17 - 4156?
-4173
In base 5, what is 433213 + -4?
433204
In base 9, what is -6346 + 1?
-6345
In base 15, what is 137415 - 2?
137413
In base 2, what is 11001011000101 - 10?
11001011000011
In base 5, what is -2242 - 0?
-2242
In base 14, what is 7 - 208?
-201
In base 16, what is 3 - -131ab?
131ae
In base 16, what is -4 - -f113?
f10f
In base 11, what is -7 + -3057a?
-30586
In base 13, what is 6 - -2026c?
20275
In base 5, what is -442011 + 42?
-441414
In base 10, what is -88 - 517?
-605
In base 2, what is 10001111010011 - -10001?
10001111100100
In base 13, what is -1 + 49686?
49685
In base 6, what is 2455503 - -21?
2455524
In base 10, what is -3091 - -6?
-3085
In base 7, what is 36 - -4514?
4553
In base 3, what is 10 - 100110210011?
-100110210001
In base 14, what is -919 - 27?
-942
In base 10, what is -6463 - -19?
-6444
In base 5, what is 2 - -43220?
43222
In base 13, what is 8 - 4828?
-4820
In base 15, what is -93c + -e?
-94b
In base 12, what is 3b5bb - -1a?
3b619
In base 14, what is 17653 + 4?
17657
In base 13, what is -13123 + -9?
-1312c
In base 3, what is 122112 + 121010?
1020122
In base 12, what is 2 + 11b094?
11b096
In base 3, what is 10 + 110012002?
110012012
In base 4, what is -1203 - 313203?
-321012
In base 2, what is 100010111111011001 - -100?
100010111111011101
In base 16, what is -102 + -31f5?
-32f7
In base 10, what is -84681 + 1?
-84680
In base 12, what is 20850 + -2?
2084a
In base 12, what is -16a366 + -5?
-16a36b
In base 7, what is 111 - -1110?
1221
In base 10, what is 4013 - -57?
4070
In base 6, what is 154150 + -3?
154143
In base 12, what is 5 - -222233?
222238
In base 14, what is 1 + -213c52?
-213c51
In base 14, what is 1 + 132bb9?
132bba
In base 4, what is -3 - 12332322?
-12332331
In base 11, what is 83 - -509?
591
In base 10, what is -10201 - 9?
-10210
In base 12, what is -41241 - -3?
-4123a
In base 4, what is -10 + -2323203?
-2323213
In base 2, what is 11100011011000 - 10?
11100011010110
In base 2, what is -101001001 - 11000010?
-1000001011
In base 15, what is -44ea - -79?
-4471
In base 5, what is 23121 + 4?
23130
In base 14, what is -132 + -55?
-187
In base 15, what is -4e - -11b?
bc
In base 3, what is 121 + 101020?
101211
In base 2, what is -11 - -1011100101011?
1011100101000
In base 6, what is 5104021 - 0?
5104021
In base 15, what is -1 + -151d6?
-151d7
In base 16, what is 41bd - 5?
41b8
In base 15, what is -815b + 2?
-8159
In base 3, what is 1000021 - -10201002?
11201100
In base 16, what is -2 + -90f7?
-90f9
In base 13, what is -20 + 18485?
18465
In base 8, what is 2 - 166666?
-166664
In base 13, what is b37 - -25a?
1094
In base 5, what is 33 + 233?
321
In base 9, what is -112762 - -43?
-112718
In base 13, what is b8 + -646?
-55b
In base 3, what is 210111 + -20220000?
-20002112
In base 5, what is -13333002 + 3?
-13332444
In base 11, what is -1a + -531?
-550
In base 13, what is 3 + 233b3?
233b6
In base 11, what is -2 - 9a996?
-9a998
In base 3, what is -1212022021001 - -11?
-1212022020220
In base 14, what is 5 + -dac8?
-dac3
In base 13, what is -1 - 4338?
-4339
In base 16, what is 2 - -9d1d?
9d1f
In base 9, what is -17 - 111035?
-111053
In base 16, what is ae13 - -1?
ae14
In base 16, what is 42ee6 + 5?
42eeb
In base 11, what is 30309 - -5?
30313
In base 16, what is -22ad1 + 0?
-22ad1
In base 9, what is 10 + -834274?
-834264
In base 2, what is 1000100111 - -1101100100011?
1110101001010
In base 7, what is -1166363 + -3?
-1166366
In base 7, what is 6516 + -1600?
4616
In base 4, what is -2010002 + -231?
-2010233
In base 12, what is -3 - 7429?
-7430
In base 15, what is 3 + -104a5?
-104a2
In base 9, what is 1382125 + 4?
13